et k(p) = p**2 + 4*p - 8. Let a(m) = -m**2 - m + 5. Calculate the remainder when a(0) is divided by k(-6).
1
Let m be 20*((-15)/4)/5. Let v = 59 + m. Let s = -16 + v. Calculate the remainder when s is divided by 10.
8
What is the remainder when 3168/63 - (-2)/(-7) is divided by 26?
24
Suppose -3*i = 3*f - 132, 7*i - 3*i - 221 = 5*f. Calculate the remainder when i is divided by 13.
10
Let f(a) = -3*a - 6. Let s = 4 - -6. What is the remainder when s is divided by f(-4)?
4
Let m(n) = -n**3 + 7*n**2 - 4*n. Calculate the remainder when 59 is divided by m(6).
11
Calculate the remainder when 28 is divided by (-12)/(15/(-6) + 1).
4
Suppose -4*n = f - 66, 4 = -5*n - 6. Calculate the remainder when f is divided by 19.
17
Let u(v) be the third derivative of 17*v**4/24 + v**3/6 + 6*v**2. What is the remainder when u(2) is divided by 9?
8
What is the remainder when ((-6)/(-4))/(8/80) is divided by 4?
3
Let n be 340/153 - 4/18. What is the remainder when 19 is divided by 32/8*5/n?
9
Suppose -r = -2*j - 5, j - 2*j = 3*r - 15. Let h be 12 - (-3)/((-6)/4). Suppose -2*w + h + 18 = 0. Calculate the remainder when w is divided by r.
4
Suppose 0 = 4*g + 2*d + 3*d - 87, 3*g - 72 = 3*d. Calculate the remainder when g is divided by 5.
3
Let y be (-1)/2 - (-7)/2. Suppose -5 = 4*b + y, -2*g + 178 = -4*b. Suppose w + 88 = 5*w. What is the remainder when g is divided by w?
19
Let b be 1*(10 + 2)/4. Let i be -10*((-118)/4 + 2). Suppose 4*c - 2*g + b*g = i, g + 215 = 3*c. Calculate the remainder when c is divided by 24.
22
Suppose -1 = m - 4. What is the remainder when 11 is divided by m?
2
Calculate the remainder when -1*(94/4)/(6/(-48)) is divided by 27.
26
Calculate the remainder when 51 is divided by 33*((-5)/(-3))/5.
7
Let a(u) = u**2 - 3*u - 1. Suppose 12 = 4*o - 0. Let w be a(o). Calculate the remainder when (-1)/(w - 74/(-76)) is divided by 13.
12
Let c(g) = -6*g + 2. Let a(s) = -11*s + 3. Let v(i) = 3*a(i) - 5*c(i). Calculate the remainder when 2 is divided by v(-1).
0
Calculate the remainder when 15 is divided by 43/5 + 18/(-30).
7
Suppose 4*q + 8 = 6*q. Suppose -5*i = n - 23, -q*i + 2*n + 3*n = -1. What is the remainder when i is divided by 3?
1
Let u(j) be the third derivative of j**6/120 - j**5/10 + j**4/12 + 7*j**3/6 + 9*j**2. What is the remainder when 54 is divided by u(6)?
16
Suppose 0*x - 2*x = -3*f - 37, -x = -4*f - 31. Let y(h) = -72*h + 2. Let u be y(3). What is the remainder when u/(-10) + (-2)/5 is divided by x?
10
Calculate the remainder when ((-33)/(-2) - -3)/(9/60) is divided by 19.
16
Suppose 110 = 5*x + 3*d, 4*x + 5*d - 110 = -x. Calculate the remainder when x is divided by 5.
2
Suppose 7*y + 105 = 8*y. Calculate the remainder when y is divided by 27.
24
Suppose -l = 3*l - 8. Suppose -2*n + 10*y = 5*y - 55, l*n = 2*y + 40. Calculate the remainder when 8*1*n/6 is divided by 11.
9
Let g(n) = -15*n**2 + 1. Let u be g(1). Let l = 29 + u. Calculate the remainder when l is divided by 8.
7
Let f(z) = -z**2 - 5*z. Suppose -3*m - 4*v + 19 = 0, 3*m - 4*v = -0*v + 35. What is the remainder when m is divided by f(-3)?
3
Let f(d) be the second derivative of -3*d**3/2 + d**2/2 + 3*d. Calculate the remainder when f(-2) is divided by 10.
9
Let s be 2/(-1) - (10 - 1). Let r = s - -15. What is the remainder when 11 is divided by r?
3
Let h = 24 - 24. Let o(u) = u. Let r be o(5). Suppose 220 = r*a - h*a. Calculate the remainder when a is divided by 15.
14
Suppose -6*t = -2*t - 60. Let z = -24 + 49. Let o = z + -19. Calculate the remainder when t is divided by o.
3
Suppose -2*s - 87 = -3*s. Suppose -h = 4*l - s, 4*l - 3*h = 8*l - 93. Calculate the remainder when 83 is divided by l.
20
Let m(c) = -c**3 - 6*c**2 - 3*c + 2. Let s be m(-5). Let t = s - -18. What is the remainder when 39 is divided by t?
9
What is the remainder when (-2)/(-9) - (-176)/18 is divided by (1*-6)/(1 + -2)?
4
Let k be 3 - -2 - (2 - 2). Suppose -5*t - 35 = -k*a, 4 = -5*t - 6. Let b(p) = -p**3 + 8*p**2 - 7*p + 2. What is the remainder when a is divided by b(7)?
1
Let u = -43 + 63. Suppose 2*g = -0*g + u. What is the remainder when 29 is divided by g?
9
Calculate the remainder when 51 is divided by (-1 - -2) + (-1 - -18).
15
Let o = 105 - 92. What is the remainder when 21 is divided by o?
8
Suppose -c + 22 = 3*y - 50, -4*c + 3*y = -318. What is the remainder when c is divided by 20?
18
Let l be (-33)/(-22) - 138/4. Let b = l - -74. What is the remainder when b is divided by 7?
6
Suppose 4*u - 3*u = 12. Calculate the remainder when 34 is divided by u.
10
Suppose -5 = 5*c - 0*c. Let a be 3 - ((-7)/c - 3). Calculate the remainder when 5 is divided by 1 - a/((-3)/(-6)).
2
Suppose 3*o = 12, m - 5*o + 10*o - 41 = 0. What is the remainder when m is divided by 6?
3
Let k be (-3)/((-9)/4)*6. Let m be 1/4 + (-74)/k. Let b = 33 + m. Calculate the remainder when b is divided by 13.
11
Let a(m) = -m**2 - m + 14. Suppose 4 = -s, 121 = 4*l - 5*s - 3. What is the remainder when l is divided by a(0)?
12
Let k(t) = t**3 - 11*t**2 + 12*t - 5. What is the remainder when 56 is divided by k(10)?
11
Let l(j) = -j**2 - 6*j + 1. Let t be 3 + -2 - (-9)/(-3). Let u = 8 + t. What is the remainder when l(-3) is divided by u?
4
Let z(q) = 2*q**2 + 3*q + 3. Calculate the remainder when 65 is divided by z(2).
14
Suppose -97 = -5*f - 27. Calculate the remainder when 39 is divided by f.
11
What is the remainder when 217 is divided by 8/(-28) + 2322/42?
52
Let y = -12 - -21. Let u = -2 + y. Calculate the remainder when -3 - -19 - 1 - 3 is divided by u.
5
Let v(b) = -4*b - 11. What is the remainder when 66 is divided by v(-7)?
15
Let r(g) = -24*g**3 - g**2 - g. Let y be r(-1). Calculate the remainder when 63 is divided by 3/(27/6)*y.
15
Let z(l) = l**2 - 5*l - 1. Let n be z(6). Suppose -n*b + 2*v = -19, 0 = 2*b + 3*v + 2*v + 4. What is the remainder when 3 is divided by b?
0
Suppose -4*n = -111 - 73. Calculate the remainder when 89 is divided by n.
43
What is the remainder when 109 is divided by 1143/30 - 1/10?
33
Let q = -21 + 38. What is the remainder when 48 is divided by q?
14
Suppose -3*v = -12*v + 135. Calculate the remainder when v is divided by 6.
3
Suppose -9*i = 7*i - 160. Calculate the remainder when 28 is divided by i.
8
Suppose -2*g + 1 + 6 = 5*s, 5*s - 3 = 2*g. Suppose -p = 2*b + p - 18, -g = p. Calculate the remainder when 19 is divided by b.
9
Let v = 67 - 20. Calculate the remainder when v is divided by 6.
5
Let v(u) = u - 1. Let y be v(1). Suppose 5*m + 3*x = 6*x + 165, -2*x = y. Let w = 7 + m. Calculate the remainder when w is divided by 21.
19
Suppose -3*m + 229 = 67. Calculate the remainder when m is divided by 11.
10
Calculate the remainder when 80 is divided by 28 - (2 + -6)/(-4).
26
Let d be 2 + (22 - 2 - 1). Suppose 2*b = -b + d. Let x(h) = 2*h - 8. What is the remainder when 10 is divided by x(b)?
4
Let c = -113 - -160. Suppose 0 = -2*q + 3*q - 16. Calculate the remainder when c is divided by q.
15
Let t = -90 - -227. Calculate the remainder when t is divided by (-2)/11 - 2322/(-66).
32
Let k = 39 - 25. Let v be -38 + (-2)/(-4)*0. Let w = 64 + v. What is the remainder when w is divided by k?
12
Let y(s) = -s**3 - 4*s**2 + 3*s + 5. Let u be y(-4). Let j(x) = -x - 4. Let h(p) = 4*p - 1. What is the remainder when j(u) is divided by h(1)?
0
Suppose 0 = u + 2*u - 78. Let x(h) = -h**3 + 6*h**2 - 4*h - 5. Let y be x(5). Let a(l) = l**2 + l + 9. What is the remainder when u is divided by a(y)?
8
Suppose 0 = 2*z - 2, -3*d + 27 = -3*z + 9. Suppose c + 0 - d = 0. Calculate the remainder when 13 is divided by c.
6
Let m = 28 + -7. What is the remainder when (186/(-15))/((-2)/10) is divided by m?
20
Let f(b) = 3*b. Let g be f(7). Let c = 35 - g. Calculate the remainder when 27 is divided by c.
13
Let s(t) = -t**3 + 7*t**2 - 5*t - 8. Let y be s(6). What is the remainder when 186/9 + y/3 is divided by 7?
6
Let r = -7 - 9. Let j be 28/r*(-1 - -5). Let v(h) = -h. What is the remainder when v(j) is divided by 3?
1
What is the remainder when 33 is divided by 2/(44/(-24) - -2)?
9
Let f = 41 + -16. Calculate the remainder when 172 is divided by f.
22
Let v(l) = 6*l**2 + 6*l - 5. Let i be v(-5). Suppose -403 = 5*o + n, 0*o + 74 = -o + 2*n. Let w = o + i. What is the remainder when w is divided by 12?
11
Let u(m) = m**3 